1154645183
What are the prime factors of 38385931?
59, 650609
List the prime factors of 3433120122.
2, 3, 113, 521, 9719
What are the prime factors of 138589826?
2, 193, 359041
List the prime factors of 1252887056.
2, 19, 103, 40013
List the prime factors of 216122129.
2293, 94253
What are the prime factors of 2005607691?
3, 17, 771091
List the prime factors of 344020143.
3, 17, 67, 83, 1213
List the prime factors of 44575357.
23, 503, 3853
List the prime factors of 289365909.
3, 7, 101, 136429
List the prime factors of 411129955.
5, 17, 29, 9811
List the prime factors of 648176151.
3, 7, 30865531
What are the prime factors of 24012277?
24012277
What are the prime factors of 361727173?
17, 53, 401473
What are the prime factors of 710711177?
11, 31, 127, 16411
What are the prime factors of 1699254032?
2, 7, 15171911
List the prime factors of 21222191.
109, 113, 1723
List the prime factors of 812676432.
2, 3, 17, 995927
What are the prime factors of 71462746?
2, 211, 169343
List the prime factors of 421821984.
2, 3, 4393979
List the prime factors of 6149538.
2, 3, 341641
List the prime factors of 1056980636.
2, 264245159
What are the prime factors of 161097183?
3, 13, 1376899
List the prime factors of 58073102.
2, 29036551
What are the prime factors of 93807048?
2, 3, 379, 10313
What are the prime factors of 1335998880?
2, 3, 5, 309259
What are the prime factors of 7867311879?
3, 7, 2311, 162109
List the prime factors of 115324243.
17, 19, 307, 1163
What are the prime factors of 556927078?
2, 29, 59, 162749
List the prime factors of 93312762.
2, 3, 17, 19, 89, 541
List the prime factors of 2433687149.
2433687149
List the prime factors of 2578038978.
2, 3, 19, 503, 44959
List the prime factors of 17779050.
2, 3, 5, 39509
What are the prime factors of 1524828006?
2, 3, 13, 6516359
List the prime factors of 5898116796.
2, 3, 11, 13, 101, 34031
What are the prime factors of 518904084?
2, 3, 4463, 9689
List the prime factors of 413203002.
2, 3, 41, 1679687
What are the prime factors of 125095264?
2, 7, 41, 53, 257
What are the prime factors of 529361708?
2, 17, 29, 268439
List the prime factors of 2792195317.
47, 6571, 9041
What are the prime factors of 24474459?
3, 83, 227, 433
What are the prime factors of 66944185?
5, 7, 11, 41, 4241
What are the prime factors of 7508031428?
2, 113, 389, 42701
What are the prime factors of 21904081?
21904081
What are the prime factors of 57531077?
17, 41, 59, 1399
List the prime factors of 686281602.
2, 3, 17, 6728251
List the prime factors of 427096076.
2, 11, 439, 22111
What are the prime factors of 5092542836?
2, 1273135709
What are the prime factors of 1397588983?
7, 89, 139, 16139
List the prime factors of 1218250291.
467, 743, 3511
What are the prime factors of 979762846?
2, 47, 61, 241, 709
What are the prime factors of 22330282?
2, 13, 17, 19, 2659
List the prime factors of 541573348.
2, 31, 4367527
What are the prime factors of 58837018?
2, 2633, 11173
What are the prime factors of 172451959?
172451959
What are the prime factors of 815488600?
2, 5, 4077443
What are the prime factors of 237133385?
5, 47426677
What are the prime factors of 793863982?
2, 396931991
What are the prime factors of 265685432?
2, 2081, 15959
List the prime factors of 37278679.
827, 45077
List the prime factors of 564008415.
3, 5, 23, 179, 9133
What are the prime factors of 751893027?
3, 373, 671933
What are the prime factors of 1137682958?
2, 59, 379, 25439
What are the prime factors of 12597802?
2, 7, 128549
List the prime factors of 26405277.
3, 131, 67189
What are the prime factors of 1746718873?
17, 102748169
What are the prime factors of 1004082859?
13, 1019, 75797
List the prime factors of 105449150.
2, 5, 2108983
What are the prime factors of 494107315?
5, 13, 7601651
What are the prime factors of 2280436715?
5, 19, 24004597
List the prime factors of 1870782814.
2, 935391407
What are the prime factors of 1957219868?
2, 19, 23, 1119691
List the prime factors of 35347489.
35347489
What are the prime factors of 694946054?
2, 11, 101, 312757
List the prime factors of 32326189.
7, 4618027
List the prime factors of 612860417.
13, 1049, 3457
What are the prime factors of 812616260?
2, 5, 40630813
List the prime factors of 14848581.
3, 11, 37, 12161
List the prime factors of 792083246.
2, 23, 67, 257003
List the prime factors of 513319566.
2, 3, 23, 3719707
What are the prime factors of 4982876?
2, 1245719
List the prime factors of 2305442129.
5303, 434743
List the prime factors of 799305317.
97, 1657, 4973
List the prime factors of 1102831548.
2, 3, 7, 13, 17, 59407
List the prime factors of 76760907.
3, 53, 482773
What are the prime factors of 78273953?
78273953
What are the prime factors of 817574327?
817574327
What are the prime factors of 50738550?
2, 3, 5, 19, 937
List the prime factors of 15325625.
5, 7, 31, 113
What are the prime factors of 505650762?
2, 3, 19, 164279
List the prime factors of 127494360.
2, 3, 5, 7, 50593
What are the prime factors of 42351655?
5, 97, 87323
List the prime factors of 567047758.
2, 13903, 20393
List the prime factors of 59059208.
2, 13, 567877
What are the prime factors of 1153519562?
2, 13, 44366137
What are the prime factors of 5181085663?
13, 41, 149, 65239
What are the prime factors of 63053909?
63053909
List the prime factors of 509020306.
2, 67, 3798659
List the prime factors of 62649861.
3, 23, 907969
What are the prime factors of 91760802?
2, 3, 7, 127, 17203
What are the prime factors of 1333651588?
2, 967, 344791
List the prime factors of 257218109.
17, 15130477
What are the prime factors of 2876889298?
2, 1438444649
List the prime factors of 197830154.
2, 1129, 87613
What are the prime factors of 1847343132?
2, 3, 173, 98873
What are the prime factors of 31698732?
2, 3, 13, 317, 641
List the prime factors of 429380580.
2, 3, 5, 83, 151, 571
What are the prime factors of 112789414?
2, 277, 203591
What are the prime factors of 8941876885?
5, 79, 22637663
List the prime factors of 41655407.
41655407
What are the prime factors of 99647887?
99647887
What are the prime factors of 2299003751?
11, 19000031
List the prime factors of 1251345454.
2, 317, 1973731
What are the prime factors of 315660158?
2, 11, 14348189
What are the prime factors of 50927008?
2, 11, 149, 971
List the prime factors of 3365840042.
2, 2713, 620317
List the prime factors of 347058169.
131, 2649299
List the prime factors of 441485872.
2, 883, 31249
What are the prime factors of 209391375?
3, 5, 73, 7649
What are the prime factors of 107468487?
3, 7, 1705849
What are the prime factors of 51715045?
5, 211, 49019
What are the prime factors of 701877702?
2, 3, 2909, 40213
What are the prime factors of 180896965?
5, 79, 419, 1093
List the prime factors of 41069773.
17, 19, 43, 2957
What are the prime factors of 238296271?
19, 151, 83059
What are the prime factors of 57696316?
2, 109, 132331
List the prime factors of 157118540.
2, 5, 31, 253417
List the prime factors of 1454355627.
3, 17, 19, 593, 2531
List the prime factors of 108050566.
2, 13, 4155791
List the prime factors of 29041689.
3, 2129, 4547
What are the prime factors of 96390320?
2, 5, 13, 92683
What are the prime factors of 77664235?
5, 11, 43, 32839
List the prime factors of 314384762.
2, 157192381
What are the prime factors of 156882194?
2, 7, 113, 131, 757
List the prime factors of 81201244.
2, 3259, 6229
What are the prime factors of 7329179361?
3, 7, 59, 14323
List the prime factors of 166352976.
2, 3, 139, 8311
List the prime factors of 34745545.
5, 563, 12343
What are the prime factors of 2238461515?
5, 447692303
List the prime factors of 296529739.
11, 67, 79, 463
What are the prime factors of 660294450?
2, 3, 5, 17, 28771
List the prime factors of 70846389.
3, 7871821
What are the prime factors of 54910294?
2, 37, 742031
List the prime factors of 13827314.
2, 181, 38197
List the prime factors of 16314512.
2, 1019657
What are the prime factors of 67529648?
2, 19, 222137
List the prime factors of 322246304.
2, 281, 35837
List the prime factors of 6970443.
3, 31, 241, 311
What are the prime factors of 76066150?
2, 5, 1521323
What are the prime factors of 1950486708?
2, 3, 43, 53, 73, 977
What are the prime factors of 25364818?
2, 1409, 9001
What ar